{"id":11727,"date":"2024-04-29T18:57:07","date_gmt":"2024-04-29T16:57:07","guid":{"rendered":"https:\/\/pantheatre.com\/-\/f-mt23old-2\/"},"modified":"2024-05-22T08:16:34","modified_gmt":"2024-05-22T06:16:34","slug":"f-xp-demagisation","status":"publish","type":"page","link":"https:\/\/pantheatre.com\/-\/f-xp-demagisation\/","title":{"rendered":"f-XP-d\u00e9magisation"},"content":{"rendered":"\t\t<div data-elementor-type=\"wp-page\" data-elementor-id=\"11727\" class=\"elementor elementor-11727\">\n\t\t\t\t\t\t<div class=\"elementor-inner\">\n\t\t\t\t<div class=\"elementor-section-wrap\">\n\t\t\t\t\t\t\t\t\t<section class=\"elementor-section elementor-top-section elementor-element elementor-element-19b42012 elementor-section-height-min-height elementor-section-content-middle elementor-section-boxed elementor-section-height-default elementor-section-items-middle\" data-id=\"19b42012\" data-element_type=\"section\" data-settings=\"{&quot;background_background&quot;:&quot;classic&quot;}\">\n\t\t\t\t\t\t\t<div class=\"elementor-background-overlay\"><\/div>\n\t\t\t\t\t\t\t<div class=\"elementor-container elementor-column-gap-no\">\n\t\t\t\t\t\t\t<div class=\"elementor-row\">\n\t\t\t\t\t<div class=\"aux-parallax-section elementor-column elementor-col-100 elementor-top-column elementor-element elementor-element-3eb03d80\" data-id=\"3eb03d80\" data-element_type=\"column\">\n\t\t\t<div class=\"elementor-column-wrap\">\n\t\t\t\t\t\t\t<div class=\"elementor-widget-wrap\">\n\t\t\t\t\t\t\t\t<\/div>\n\t\t\t\t\t<\/div>\n\t\t<\/div>\n\t\t\t\t\t\t\t\t<\/div>\n\t\t\t\t\t<\/div>\n\t\t<\/section>\n\t\t\t\t<section class=\"elementor-section elementor-top-section elementor-element elementor-element-0714204 elementor-section-boxed elementor-section-height-default elementor-section-height-default\" data-id=\"0714204\" data-element_type=\"section\">\n\t\t\t\t\t\t\t<div class=\"elementor-background-overlay\"><\/div>\n\t\t\t\t\t\t\t<div class=\"elementor-container elementor-column-gap-default\">\n\t\t\t\t\t\t\t<div class=\"elementor-row\">\n\t\t\t\t\t<div class=\"aux-parallax-section elementor-column elementor-col-100 elementor-top-column elementor-element elementor-element-012648c\" data-id=\"012648c\" data-element_type=\"column\">\n\t\t\t<div class=\"elementor-column-wrap elementor-element-populated\">\n\t\t\t\t\t\t\t<div class=\"elementor-widget-wrap\">\n\t\t\t\t\t\t<div class=\"elementor-element elementor-element-dcde7ec elementor-widget elementor-widget-heading\" data-id=\"dcde7ec\" data-element_type=\"widget\" data-widget_type=\"heading.default\">\n\t\t\t\t<div class=\"elementor-widget-container\">\n\t\t\t<h2 class=\"elementor-heading-title elementor-size-small\"><a href=\"https:\/\/pantheatre.com\/-\/e-MT23\/\">English<\/a><\/h2>\t\t<\/div>\n\t\t\t\t<\/div>\n\t\t\t\t\t\t<\/div>\n\t\t\t\t\t<\/div>\n\t\t<\/div>\n\t\t\t\t\t\t\t\t<\/div>\n\t\t\t\t\t<\/div>\n\t\t<\/section>\n\t\t\t\t<section class=\"elementor-section elementor-top-section elementor-element elementor-element-67beec06 elementor-section-boxed elementor-section-height-default elementor-section-height-default\" data-id=\"67beec06\" data-element_type=\"section\" data-settings=\"{&quot;background_background&quot;:&quot;classic&quot;}\">\n\t\t\t\t\t\t\t<div class=\"elementor-background-overlay\"><\/div>\n\t\t\t\t\t\t\t<div class=\"elementor-container elementor-column-gap-default\">\n\t\t\t\t\t\t\t<div class=\"elementor-row\">\n\t\t\t\t\t<div class=\"aux-parallax-section elementor-column elementor-col-100 elementor-top-column elementor-element elementor-element-262d62b\" data-id=\"262d62b\" data-element_type=\"column\">\n\t\t\t<div class=\"elementor-column-wrap elementor-element-populated\">\n\t\t\t\t\t\t\t<div class=\"elementor-widget-wrap\">\n\t\t\t\t\t\t<div class=\"elementor-element elementor-element-fef0eb8 elementor-widget elementor-widget-text-editor\" data-id=\"fef0eb8\" data-element_type=\"widget\" data-widget_type=\"text-editor.default\">\n\t\t\t\t<div class=\"elementor-widget-container\">\n\t\t\t\t\t\t\t\t<div class=\"elementor-text-editor elementor-clearfix\">\n\t\t\t\t<h3 style=\"text-align: center;\"><em>Cycle de Conf\u00e9rences\u00a0 2024 2025<\/em><br \/><em>Xavier Papa\u00efs<\/em><\/h3><h5 style=\"text-align: center;\">Conf\u00e9rence #1\u00a0 \u00a0le mercredi 29 mai 2024\u00a0 \u00a0 \u00e0 19h<br \/>PRELUDE AU\u00a0 \u00a0<a style=\"font-size: 1.125em; background-color: white;\" href=\"https:\/\/pantheatre.com\/-\/f-MT24\"><i>Festival Mythe et Th\u00e9\u00e2tre\u00a0 \u00a0(4 au 14 juillet)<\/i><\/a><i><br \/><\/i>Filature du Pont de Fer<br \/>Lasalle 30460 Gard<\/h5><p style=\"text-align: center;\"><b>INSCRIPTION<br \/>d\u00e9tails plus bas<\/b><\/p><div><h5 style=\"text-align: center;\">D&rsquo;autres conf\u00e9rences sont pr\u00e9vues lors du<br \/><a href=\"https:\/\/pantheatre.com\/-\/f-MT24\"><i>Festival Mythe et Th\u00e9\u00e2tre\u00a0 \u00a0(du 4 au 14 juillet)<\/i><\/a><br \/>Mal\u00e9rargues \/ Centre Roy Hart<br \/>Thoiras 30140 Gard<\/h5><\/div>\t\t\t\t\t<\/div>\n\t\t\t\t\t\t<\/div>\n\t\t\t\t<\/div>\n\t\t\t\t<div class=\"elementor-element elementor-element-3f01347 elementor-widget elementor-widget-image\" data-id=\"3f01347\" data-element_type=\"widget\" data-widget_type=\"image.default\">\n\t\t\t\t<div class=\"elementor-widget-container\">\n\t\t\t\t\t\t\t\t<div class=\"elementor-image\">\n\t\t\t\t\t\t\t\t\t\t\t\t<img decoding=\"async\" width=\"624\" height=\"900\" src=\"https:\/\/pantheatre.com\/-\/wp-content\/uploads\/2024\/04\/2024-05-XP-Lasalle-image-centrale.jpg\" class=\"attachment-large size-large wp-image-11730\" alt=\"\" loading=\"lazy\" \/>\t\t\t\t\t\t\t\t\t\t\t\t\t\t<\/div>\n\t\t\t\t\t\t<\/div>\n\t\t\t\t<\/div>\n\t\t\t\t<div class=\"elementor-element elementor-element-1d2f634 elementor-widget elementor-widget-text-editor\" data-id=\"1d2f634\" data-element_type=\"widget\" data-widget_type=\"text-editor.default\">\n\t\t\t\t<div class=\"elementor-widget-container\">\n\t\t\t\t\t\t\t\t<div class=\"elementor-text-editor elementor-clearfix\">\n\t\t\t\t<p style=\"text-align: center;\">Image : Fresque du \u00ab\u00a0Jugement Dernier\u00a0\u00bb, Basilique d&rsquo;Issoire, XVeme si\u00e8cle.<\/p>\t\t\t\t\t<\/div>\n\t\t\t\t\t\t<\/div>\n\t\t\t\t<\/div>\n\t\t\t\t<section class=\"elementor-section elementor-inner-section elementor-element elementor-element-a645ede elementor-section-boxed elementor-section-height-default elementor-section-height-default\" data-id=\"a645ede\" data-element_type=\"section\">\n\t\t\t\t\t\t<div class=\"elementor-container elementor-column-gap-default\">\n\t\t\t\t\t\t\t<div class=\"elementor-row\">\n\t\t\t\t\t<div class=\"aux-parallax-section elementor-column elementor-col-33 elementor-inner-column elementor-element elementor-element-922d4e2\" data-id=\"922d4e2\" data-element_type=\"column\">\n\t\t\t<div class=\"elementor-column-wrap elementor-element-populated\">\n\t\t\t\t\t\t\t<div class=\"elementor-widget-wrap\">\n\t\t\t\t\t\t<div class=\"elementor-element elementor-element-7a37f8b elementor-widget elementor-widget-text-editor\" data-id=\"7a37f8b\" data-element_type=\"widget\" data-widget_type=\"text-editor.default\">\n\t\t\t\t<div class=\"elementor-widget-container\">\n\t\t\t\t\t\t\t\t<div class=\"elementor-text-editor elementor-clearfix\">\n\t\t\t\t<h3 style=\"letter-spacing: normal; text-align: center;\"><span style=\"color: #000000;\">Cycle<\/span><\/h3>\t\t\t\t\t<\/div>\n\t\t\t\t\t\t<\/div>\n\t\t\t\t<\/div>\n\t\t\t\t<div class=\"elementor-element elementor-element-dc3442a elementor-widget__width-initial elementor-widget elementor-widget-text-editor\" data-id=\"dc3442a\" data-element_type=\"widget\" data-widget_type=\"text-editor.default\">\n\t\t\t\t<div class=\"elementor-widget-container\">\n\t\t\t\t\t\t\t\t<div class=\"elementor-text-editor elementor-clearfix\">\n\t\t\t\t<p><span style=\"color: #000000;\">Pour cette conf\u00e9rence du 29 mai 2024 &#8211; la premi\u00e8re d\u2019une s\u00e9rie, <strong>Xavier Papa\u00efs<\/strong> \u00e9bauchera une fresque historique de <em><strong>La MAGIE en Occident<\/strong><\/em>, et surtout de sa <strong><em>d\u00e9magisation.<\/em><\/strong><\/span><\/p><p><span style=\"color: #000000;\">S\u2019il y a un contexte o\u00f9 l\u2019on parle de magie, c\u2019est bien <strong>le th\u00e9\u00e2tre<\/strong>. Parlons-en.\u00a0<\/span><\/p><p><span style=\"color: #000000;\">Il \u00e9crit\u00a0: \u00ab\u00a0\u2026 <strong>seul l\u2019art<\/strong> (au sens large) ou plut\u00f4t seul un art conscient de sa puissance et de ses responsabilit\u00e9s, peut nous maintenir dans une humanit\u00e9 d\u00e9cente.\u00a0\u00bb Au moment o\u00f9 le monde joue litt\u00e9ralement avec le feu (nucl\u00e9aire), voici une voix qu\u2019il faut absolument entendre.<\/span><\/p><p>Pour ma part, je consid\u00e8re Xavier Papa\u00efs comme, de loin, le penseur le plus <em>inspirant<\/em> aujourd\u2019hui, certainement pour ce qui est les artistes, po\u00e8tes et penseurs libres. M\u00e9lange rare d&rsquo;un savoir polymathe et d\u2019une \u00e9loquence et d&rsquo;un franc-parler passionn\u00e9 et r\u00e9volutionnaire.<\/p><p>Ma propre consid\u00e9ration de la Magie lui est redevable: <strong><em>\u00ab L\u2019horizon le plus riche et le plus vaste de la pens\u00e9e et de l\u2019agir humain \u00bb. <\/em><\/strong>Je cherche ses manifestations dans la pratique des laboratoires, dans l\u2019entrelacs entre geste, voix et textes. EP<\/p>\t\t\t\t\t<\/div>\n\t\t\t\t\t\t<\/div>\n\t\t\t\t<\/div>\n\t\t\t\t<div class=\"elementor-element elementor-element-8eb3f7b elementor-widget__width-initial elementor-widget elementor-widget-text-editor\" data-id=\"8eb3f7b\" data-element_type=\"widget\" data-widget_type=\"text-editor.default\">\n\t\t\t\t<div class=\"elementor-widget-container\">\n\t\t\t\t\t\t\t\t<div class=\"elementor-text-editor elementor-clearfix\">\n\t\t\t\t<h4 style=\"text-align: center;\"><span style=\"color: #ffffff;\">Conf\u00e9rence 29 mai<br \/>INSCRIPTION\u00a0 PAIEMENT<\/span><\/h4><p style=\"text-align: center;\"><span style=\"color: #ffffff;\">20\u20ac participation aux frais<br \/>cash sur place<\/span><\/p><p style=\"text-align: center;\"><span style=\"color: #000000;\"><span style=\"color: #ffffff;\">EN LIGNE<\/span><br \/><span style=\"font-size: 16.0016px; color: #ffffff;\">\u00e9crire \u00e0\u00a0 \u00a0<\/span><span style=\"color: #00ccff;\"><a style=\"color: #00ccff;\" href=\"mailto:pan@pantheatre.com\"><span style=\"font-size: 16.0016px;\">pan@pantheatre.com<\/span><\/a><\/span><br \/><\/span><br \/><span style=\"color: #ffffff;\">10\u20ac pour les lasallois sur place<\/span><\/p><p style=\"text-align: center;\"><span style=\"color: #ffffff; font-size: 16.0016px;\">INVITATION GRATUITE pour les membres de l&rsquo;Association La Soierie (\u00e0 confirmer)<\/span><\/p>\t\t\t\t\t<\/div>\n\t\t\t\t\t\t<\/div>\n\t\t\t\t<\/div>\n\t\t\t\t\t\t<\/div>\n\t\t\t\t\t<\/div>\n\t\t<\/div>\n\t\t\t\t<div class=\"aux-parallax-section elementor-column elementor-col-33 elementor-inner-column elementor-element elementor-element-286fc2e\" data-id=\"286fc2e\" data-element_type=\"column\">\n\t\t\t<div class=\"elementor-column-wrap elementor-element-populated\">\n\t\t\t\t\t\t\t<div class=\"elementor-widget-wrap\">\n\t\t\t\t\t\t<div class=\"elementor-element elementor-element-88e9cde elementor-widget elementor-widget-text-editor\" data-id=\"88e9cde\" data-element_type=\"widget\" data-widget_type=\"text-editor.default\">\n\t\t\t\t<div class=\"elementor-widget-container\">\n\t\t\t\t\t\t\t\t<div class=\"elementor-text-editor elementor-clearfix\">\n\t\t\t\t<h3 style=\"text-align: center;\">Xavier Papa\u00efs<\/h3>\t\t\t\t\t<\/div>\n\t\t\t\t\t\t<\/div>\n\t\t\t\t<\/div>\n\t\t\t\t<div class=\"elementor-element elementor-element-070e0cc elementor-widget elementor-widget-text-editor\" data-id=\"070e0cc\" data-element_type=\"widget\" data-widget_type=\"text-editor.default\">\n\t\t\t\t<div class=\"elementor-widget-container\">\n\t\t\t\t\t\t\t\t<div class=\"elementor-text-editor elementor-clearfix\">\n\t\t\t\t<p style=\"text-align: center;\"><strong>Anthropologue ? Philosophe ? Historien_? Psychanalyste ?<\/strong><\/p><p>\u00ab \u2026 \u00e0 tout prendre, je pr\u00e9f\u00e9rerais le terme plus pr\u00e9cis d&rsquo;<strong><em>\u00ab\u00a0ethno-historien\u00a0\u00bb<\/em><\/strong>, comme c&rsquo;est un fait des plus concrets que j&rsquo;ai pass\u00e9 30 ans \u00e0 \u00e9tudier l&rsquo;anthropologie, historique ou pas, et que cette forme d&rsquo;exploration du temps long porte sur la vie r\u00e9elle des gens, est la seule qui me paraisse aller profond. Je la crois m\u00eame nettement plus myst\u00e9rieuse ou surprenante que les mythes politiques, les fabulations ou les hagiographies dict\u00e9es par des circonstances le plus souvent provisoires\u2026\u00bb\u00a0 XP<\/p><p style=\"padding-left: 40px;\"><a href=\"https:\/\/plus.wikimonde.com\/wiki\/Xavier_Papa%C3%AFs\">Bref CV<\/a><\/p><p style=\"padding-left: 40px;\"><a href=\"https:\/\/fr.readkong.com\/page\/trois-formules-sur-la-magie-1715372\">Article sur la MAGIE<\/a><\/p><p style=\"padding-left: 40px;\"><a href=\"https:\/\/www.arsmagica.fr\/\">Site <i><b>Ars Magica<\/b><\/i> : Magie et Sciences Humaines<\/a><\/p><p>Son parcours va depuis la cour de la rue d\u2019Ulm, ENS, o\u00f9 il entra premier pour proposer rapidement une recherche rigoureuse sur <em>\u00ab\u00a0la puissance magique\u00a0\u00bb. <\/em>Recul effray\u00e9 de l\u2019ensemble des professeurs ! Le sujet, pourtant classique depuis au moins 1870, n\u2019\u00e9tait plus \u00e0 la mode, et d\u00e9sormais faisait peur dans une institution pass\u00e9e aux s\u00e9cheresses du commentarisme. Il d\u00e9cida de passer outre.<\/p><p>Il finit l\u2019ENS, partit enseigner \u00e0 l\u2019Universit\u00e9 de Berkeley et fut nomm\u00e9 attach\u00e9 universitaire de France \u00e0 Venice. Des ann\u00e9es plus tard, l\u2019ENS l\u2019invita pour un cycles de conf\u00e9rences sur\u2026 la Magie, eh oui !<\/p><p>Xavier Papa\u00efs sera pr\u00e9sent <strong>\u00e0 Mal\u00e9rargues du 26 au 29 mai, conf\u00e9rence le 29 mai \u00e0 Lasalle et en ligne; <\/strong>nous organiserons aussi des rencontres informelles. Il sera notre invit\u00e9 d&rsquo;honneur au\u00a0<a href=\"https:\/\/pantheatre.com\/-\/f-MT24\/\"><em><strong>Festival Mythe et Th\u00e9\u00e2tre 2024<\/strong><\/em><\/a>, du 4 au 14 juillet.<\/p><p style=\"text-align: center;\">Assurez-vous d&rsquo;\u00eatre inscrits \u00e0 la<br \/><a href=\"https:\/\/600fc59d.sibforms.com\/serve\/MUIEAPGdj71u-dh5_yPEWJREYQqbWNW2sf0B5TbhbEQzAj31V7GE9La-JdKFYXNBZ6gg8RoNsSdjbUjIp0DQi35VHywBTvRwLAzImG3jOMvcvXqgKs4jyZ5JRAGJEuAkc1HYFV5MaIalISOkB4TLhyCOigitPH6gPPo-yzcIFRFp_6XEwgKPNGCudkHdUdSzEPfi1kBrqhIHi-af\"><strong>Newsletter Panth\u00e9\u00e2tre<\/strong><\/a>.<\/p>\t\t\t\t\t<\/div>\n\t\t\t\t\t\t<\/div>\n\t\t\t\t<\/div>\n\t\t\t\t\t\t<\/div>\n\t\t\t\t\t<\/div>\n\t\t<\/div>\n\t\t\t\t<div class=\"aux-parallax-section elementor-column elementor-col-33 elementor-inner-column elementor-element elementor-element-1d83256\" data-id=\"1d83256\" data-element_type=\"column\">\n\t\t\t<div class=\"elementor-column-wrap elementor-element-populated\">\n\t\t\t\t\t\t\t<div class=\"elementor-widget-wrap\">\n\t\t\t\t\t\t<div class=\"elementor-element elementor-element-3aab67d elementor-widget__width-initial elementor-widget elementor-widget-text-editor\" data-id=\"3aab67d\" data-element_type=\"widget\" data-widget_type=\"text-editor.default\">\n\t\t\t\t<div class=\"elementor-widget-container\">\n\t\t\t\t\t\t\t\t<div class=\"elementor-text-editor elementor-clearfix\">\n\t\t\t\t<h3 style=\"text-align: center;\">D\u00e9magisation<\/h3>\t\t\t\t\t<\/div>\n\t\t\t\t\t\t<\/div>\n\t\t\t\t<\/div>\n\t\t\t\t<div class=\"elementor-element elementor-element-210d8a9 elementor-widget elementor-widget-text-editor\" data-id=\"210d8a9\" data-element_type=\"widget\" data-widget_type=\"text-editor.default\">\n\t\t\t\t<div class=\"elementor-widget-container\">\n\t\t\t\t\t\t\t\t<div class=\"elementor-text-editor elementor-clearfix\">\n\t\t\t\t<p style=\"text-align: center;\"><strong><br>Magie \/ D\u00e9magisation<\/strong><\/p>\n<p>Ce cycle de conf\u00e9rences est issu d\u2019un \u00e9change avec <b>Xavier Papa\u00efs<\/b> sur <b>Le Protestantisme<\/b> et sur l\u2019expression pivot de Max Weber:&nbsp;<em><b>Le D\u00e9senchantement du Monde<\/b><\/em> (1917), traduction de <em><b>Entzauberung<\/b> <\/em>que Xavier Papa\u00efs contre par celle, directe, de&nbsp;<i><b>d\u00e9magisation<\/b><\/i>.<\/p>\n<p>Xavier est n\u00e9 en milieu protestant, de m\u00e8re c\u00e9venole. Il devait \u00eatre pasteur.&nbsp;Pour ma part, je suis n\u00e9 au P\u00e9rou en milieu catholique, versant baroque.<\/p>\n<p>Je suis venu en C\u00e9vennes de Londres en suivant Roy Hart, un guru \u00ab hors normes \u00bb, juif au g\u00e9nie talmudique. J\u2019y ai d\u00e9couvert les Camisards, et notamment les voix de leur <b><i>\u00ab&nbsp;Th\u00e9\u00e2tre Sacr\u00e9 \u00bb<\/i><\/b>&nbsp;: ceux qui se sont r\u00e9fugi\u00e9s \u00e0 Londres \u00e9taient appel\u00e9s <em>The French Prophets<\/em> &#8211; souche qui a ensuite contribu\u00e9 \u00e0 la <em>Soul Music<\/em> afro-am\u00e9ricaine des ann\u00e9es 1960.<\/p>\n<p>Apr\u00e8s la mort tragique de Roy Hart en 1975, \u00ab <i><b>Le Roy Hart <\/b><\/i>\u00bb est devenu plut\u00f4t protestant (les <i>\u00ab\u00a0English Prophets\u00a0\u00bb<\/i>!) dans l\u2019emphase commune, monoth\u00e9iste et iconoclaste, sur le culte de la voix et du chant. En cr\u00e9ant <i><b>Panth\u00e9\u00e2tre<\/b><\/i> d\u00e8s 1978, mon paysage baroque a vir\u00e9 net vers le polyth\u00e9isme avec la pens\u00e9e de <a href=\"http:\/\/pantheatre.com\/1-james-hillman.html\"><b>James Hillman<\/b><\/a>.<\/p>\n<p>Aujourd\u2019hui des voix critiques accusent les USA (Trump et Biden) de verser dans un <em><b>protestantisme nihiliste<\/b>&nbsp;<\/em>: cynique et n\u00e9o-lib\u00e9ral (notamment selon l\u2019essayiste fran\u00e7ais Emmanuel Todd.)<\/p>\n<p>Comment situer ces d\u00e9rives du protestantisme ? Outre celles politiques, elles ont des implications graves dans l\u2019art et la performance contemporaine.<\/p>\n<p>L\u2019affaire est clairement <b><i>ethno-th\u00e9ologique<\/i><\/b>.<\/p>\n<p style=\"text-align: right;\">EP<\/p>\t\t\t\t\t<\/div>\n\t\t\t\t\t\t<\/div>\n\t\t\t\t<\/div>\n\t\t\t\t\t\t<\/div>\n\t\t\t\t\t<\/div>\n\t\t<\/div>\n\t\t\t\t\t\t\t\t<\/div>\n\t\t\t\t\t<\/div>\n\t\t<\/section>\n\t\t\t\t\t\t<\/div>\n\t\t\t\t\t<\/div>\n\t\t<\/div>\n\t\t\t\t\t\t\t\t<\/div>\n\t\t\t\t\t<\/div>\n\t\t<\/section>\n\t\t\t\t<section class=\"elementor-section elementor-top-section elementor-element elementor-element-f9b8602 elementor-section-boxed elementor-section-height-default elementor-section-height-default\" data-id=\"f9b8602\" data-element_type=\"section\">\n\t\t\t\t\t\t<div class=\"elementor-container elementor-column-gap-default\">\n\t\t\t\t\t\t\t<div class=\"elementor-row\">\n\t\t\t\t\t<div class=\"aux-parallax-section elementor-column elementor-col-100 elementor-top-column elementor-element elementor-element-fbdf706\" data-id=\"fbdf706\" data-element_type=\"column\">\n\t\t\t<div class=\"elementor-column-wrap elementor-element-populated\">\n\t\t\t\t\t\t\t<div class=\"elementor-widget-wrap\">\n\t\t\t\t\t\t<div class=\"elementor-element elementor-element-60749d0 elementor-widget-divider--view-line elementor-widget elementor-widget-divider\" data-id=\"60749d0\" data-element_type=\"widget\" data-widget_type=\"divider.default\">\n\t\t\t\t<div class=\"elementor-widget-container\">\n\t\t\t\t\t<div class=\"elementor-divider\">\n\t\t\t<span class=\"elementor-divider-separator\">\n\t\t\t\t\t\t<\/span>\n\t\t<\/div>\n\t\t\t\t<\/div>\n\t\t\t\t<\/div>\n\t\t\t\t\t\t<\/div>\n\t\t\t\t\t<\/div>\n\t\t<\/div>\n\t\t\t\t\t\t\t\t<\/div>\n\t\t\t\t\t<\/div>\n\t\t<\/section>\n\t\t\t\t\t\t\t\t\t<\/div>\n\t\t\t<\/div>\n\t\t\t\t\t<\/div>\n\t\t","protected":false},"excerpt":{"rendered":"<p>English Cycle de Conf\u00e9rences\u00a0 2024 2025Xavier Papa\u00efs Conf\u00e9rence #1\u00a0 \u00a0le mercredi 29 mai 2024\u00a0 \u00a0 \u00e0 19hPRELUDE AU\u00a0 \u00a0Festival Mythe et Th\u00e9\u00e2tre\u00a0 \u00a0(4 au 14 juillet)Filature du Pont de FerLasalle 30460 Gard INSCRIPTIONd\u00e9tails plus bas D&rsquo;autres conf\u00e9rences sont pr\u00e9vues lors duFestival Mythe et Th\u00e9\u00e2tre\u00a0 \u00a0(du 4 au 14 juillet)Mal\u00e9rargues \/ Centre Roy HartThoiras 30140 Gard [&hellip;]<\/p>\n","protected":false},"author":3,"featured_media":0,"parent":0,"menu_order":0,"comment_status":"closed","ping_status":"closed","template":"","meta":{"_bbp_topic_count":0,"_bbp_reply_count":0,"_bbp_total_topic_count":0,"_bbp_total_reply_count":0,"_bbp_voice_count":0,"_bbp_anonymous_reply_count":0,"_bbp_topic_count_hidden":0,"_bbp_reply_count_hidden":0,"_bbp_forum_subforum_count":0},"_links":{"self":[{"href":"https:\/\/pantheatre.com\/-\/wp-json\/wp\/v2\/pages\/11727"}],"collection":[{"href":"https:\/\/pantheatre.com\/-\/wp-json\/wp\/v2\/pages"}],"about":[{"href":"https:\/\/pantheatre.com\/-\/wp-json\/wp\/v2\/types\/page"}],"author":[{"embeddable":true,"href":"https:\/\/pantheatre.com\/-\/wp-json\/wp\/v2\/users\/3"}],"replies":[{"embeddable":true,"href":"https:\/\/pantheatre.com\/-\/wp-json\/wp\/v2\/comments?post=11727"}],"version-history":[{"count":2,"href":"https:\/\/pantheatre.com\/-\/wp-json\/wp\/v2\/pages\/11727\/revisions"}],"predecessor-version":[{"id":12133,"href":"https:\/\/pantheatre.com\/-\/wp-json\/wp\/v2\/pages\/11727\/revisions\/12133"}],"wp:attachment":[{"href":"https:\/\/pantheatre.com\/-\/wp-json\/wp\/v2\/media?parent=11727"}],"curies":[{"name":"wp","href":"https:\/\/api.w.org\/{rel}","templated":true}]}}